{"id":452,"date":"2022-05-30T14:00:09","date_gmt":"2022-05-30T12:00:09","guid":{"rendered":"http:\/\/zubiorganic.org\/?page_id=452"},"modified":"2024-10-14T13:09:14","modified_gmt":"2024-10-14T11:09:14","slug":"posgrado-internacional-bioeconomia-circular","status":"publish","type":"page","link":"https:\/\/zubiorganic.org\/index.php\/posgrado-internacional-bioeconomia-circular\/","title":{"rendered":"Posgrado Internacional Bioeconom\u00eda Circular"},"content":{"rendered":"<p>[et_pb_section fb_built=\u00bb1&#8243; _builder_version=\u00bb4.16&#8243; _module_preset=\u00bbdefault\u00bb background_color=\u00bbrgba(58,58,58,0.24)\u00bb background_image=\u00bbhttps:\/\/zubiorganic.org\/wp-content\/uploads\/2022\/05\/ZubiOrganic-rec-scaled.jpg\u00bb background_blend=\u00bboverlay\u00bb background_enable_video_mp4=\u00bboff\u00bb min_height=\u00bb888px\u00bb min_height_tablet=\u00bb\u00bb min_height_phone=\u00bb435px\u00bb min_height_last_edited=\u00bbon|phone\u00bb custom_margin=\u00bb0px|0px|0px|0px|false|false\u00bb custom_padding=\u00bb0px||0px||false|false\u00bb da_disable_devices=\u00bboff|off|off\u00bb global_colors_info=\u00bb{}\u00bb da_is_popup=\u00bboff\u00bb da_exit_intent=\u00bboff\u00bb da_has_close=\u00bbon\u00bb da_alt_close=\u00bboff\u00bb da_dark_close=\u00bboff\u00bb da_not_modal=\u00bbon\u00bb da_is_singular=\u00bboff\u00bb da_with_loader=\u00bboff\u00bb da_has_shadow=\u00bbon\u00bb][et_pb_row _builder_version=\u00bb4.16&#8243; _module_preset=\u00bbdefault\u00bb global_colors_info=\u00bb{}\u00bb][et_pb_column type=\u00bb4_4&#8243; _builder_version=\u00bb4.16&#8243; _module_preset=\u00bbdefault\u00bb global_colors_info=\u00bb{}\u00bb][et_pb_text content_tablet=\u00bbCurso de Posgrado Internacional sobre<br \/>\n<b>Bioeconom\u00eda Circular<\/b>\u00bb content_phone=\u00bbCurso de Posgrado Internacional sobre<br \/>\n<b>Bioeconom\u00eda Circular<\/b>\u00bb content_last_edited=\u00bbon|phone\u00bb _builder_version=\u00bb4.16&#8243; _module_preset=\u00bbdefault\u00bb text_font=\u00bb|300|||||||\u00bb text_text_color=\u00bb#ffffff\u00bb text_font_size=\u00bb43px\u00bb text_line_height=\u00bb1.3em\u00bb text_orientation=\u00bbcenter\u00bb custom_margin=\u00bb300px||||false|false\u00bb custom_margin_tablet=\u00bb200px||||false|false\u00bb custom_margin_phone=\u00bb100px||||false|false\u00bb custom_margin_last_edited=\u00bbon|phone\u00bb text_font_size_tablet=\u00bb35px\u00bb text_font_size_phone=\u00bb30px\u00bb text_font_size_last_edited=\u00bbon|phone\u00bb text_line_height_tablet=\u00bb1.2em\u00bb text_line_height_phone=\u00bb0.9em\u00bb text_line_height_last_edited=\u00bbon|tablet\u00bb text_text_shadow_style=\u00bbpreset1&#8243; text_text_shadow_blur_strength=\u00bb0.22em\u00bb text_text_shadow_color=\u00bb#000000&#8243; global_colors_info=\u00bb{}\u00bb]<\/p>\n<p>Curso de Posgrado Internacional sobre<br \/><b>Bioeconom\u00eda Circular<\/b><\/p>\n<p>[\/et_pb_text][\/et_pb_column][\/et_pb_row][\/et_pb_section][et_pb_section fb_built=\u00bb1&#8243; _builder_version=\u00bb4.16&#8243; _module_preset=\u00bbdefault\u00bb da_disable_devices=\u00bboff|off|off\u00bb global_colors_info=\u00bb{}\u00bb da_is_popup=\u00bboff\u00bb da_exit_intent=\u00bboff\u00bb da_has_close=\u00bbon\u00bb da_alt_close=\u00bboff\u00bb da_dark_close=\u00bboff\u00bb da_not_modal=\u00bbon\u00bb da_is_singular=\u00bboff\u00bb da_with_loader=\u00bboff\u00bb da_has_shadow=\u00bbon\u00bb][et_pb_row _builder_version=\u00bb4.16&#8243; _module_preset=\u00bbdefault\u00bb custom_margin=\u00bb0px||||false|false\u00bb custom_margin_tablet=\u00bb0px||||false|false\u00bb custom_margin_phone=\u00bb0px||||false|false\u00bb custom_margin_last_edited=\u00bbon|phone\u00bb custom_padding=\u00bb0px||||false|false\u00bb global_colors_info=\u00bb{}\u00bb][et_pb_column type=\u00bb4_4&#8243; _builder_version=\u00bb4.16&#8243; _module_preset=\u00bbdefault\u00bb global_colors_info=\u00bb{}\u00bb][et_pb_text _builder_version=\u00bb4.16&#8243; _module_preset=\u00bbdefault\u00bb text_font=\u00bb|300|||||||\u00bb text_text_color=\u00bb#000000&#8243; text_font_size=\u00bb16px\u00bb global_colors_info=\u00bb{}\u00bb]La Bioeconom\u00eda Circular plantea un escenario para el trabajo y el empleo que cumple con las actuales pol\u00edticas en materia de <b>transici\u00f3n ecol\u00f3gica<\/b> y con las metas de los <b>planes internacionales para el Cambio Clim\u00e1tico<\/b>.<\/p>\n<p>El informe \u201cEl empleo en un futuro de cero emisiones netas en Latinoam\u00e9rica y el Caribe\u201d elaborado por el BID y la OIT, se\u00f1ala que el contexto actual, de reactivaci\u00f3n econ\u00f3mica ante la crisis sanitaria provocada por el COVID-19, presenta una <b>oportunidad \u00f3ptima para trabajar sobre la sustentabilidad y generar fuentes de trabajo<\/b>. Una recuperaci\u00f3n verde e inclusiva es esencial para combatir la crisis clim\u00e1tica y construir un futuro mejor.<\/p>\n<p>El Curso de Posgrado Internacional de Bioeconom\u00eda Circular se inserta plenamente en las estrategias internacionales de sostenibilidad y tiene como objetivo general <b>formar a sus participantes en las competencias adecuadas para incrementar sus posibilidades de mejora o integraci\u00f3n en el mercado laboral de una econom\u00eda sostenible y verde<\/b>.[\/et_pb_text][et_pb_text _builder_version=\u00bb4.22.0&#8243; _module_preset=\u00bbdefault\u00bb text_font=\u00bb|300|||||||\u00bb text_text_color=\u00bb#000000&#8243; text_font_size=\u00bb16px\u00bb hover_enabled=\u00bb0&#8243; global_colors_info=\u00bb{}\u00bb sticky_enabled=\u00bb0&#8243;]<\/p>\n<p>Financiado por el Banco Interamericano de Desarrollo y organizado por el Ministerio de Educaci\u00f3n de Argentina, entre el <b>29 de marzo al 26 de agosto de 2022<\/b>, se desarroll\u00f3 este curso en el que participaron <b>33 estudiantes de toda Argentina<\/b>.<\/p>\n<p>El Curso de Posgrado Internacional de Bioeconom\u00eda Circular se inserta plenamente en las<strong> estrategias internacionales de sostenibilidad<\/strong> y tiene como objetivo general formar a sus participantes en las competencias adecuadas para <strong>incrementar sus posibilidades de mejora o integraci\u00f3n en el mercado laboral de una econom\u00eda sostenible y verde.<\/strong><\/p>\n<p>[\/et_pb_text][\/et_pb_column][\/et_pb_row][\/et_pb_section][et_pb_section fb_built=\u00bb1&#8243; _builder_version=\u00bb4.22.0&#8243; _module_preset=\u00bbdefault\u00bb background_color=\u00bbrgba(0,108,135,0.64)\u00bb custom_margin=\u00bb||0px||false|false\u00bb custom_padding=\u00bb||0px||false|false\u00bb hover_enabled=\u00bb0&#8243; da_disable_devices=\u00bboff|off|off\u00bb global_colors_info=\u00bb{}\u00bb sticky_enabled=\u00bb0&#8243; da_is_popup=\u00bboff\u00bb da_exit_intent=\u00bboff\u00bb da_has_close=\u00bbon\u00bb da_alt_close=\u00bboff\u00bb da_dark_close=\u00bboff\u00bb da_not_modal=\u00bbon\u00bb da_is_singular=\u00bboff\u00bb da_with_loader=\u00bboff\u00bb da_has_shadow=\u00bbon\u00bb][et_pb_row _builder_version=\u00bb4.16&#8243; _module_preset=\u00bbdefault\u00bb global_colors_info=\u00bb{}\u00bb][et_pb_column type=\u00bb4_4&#8243; _builder_version=\u00bb4.16&#8243; _module_preset=\u00bbdefault\u00bb global_colors_info=\u00bb{}\u00bb][et_pb_text content_phone=\u00bb<\/p>\n<p><b style=%22font-size:2em%22>Fases<\/b> del <br \/>reto Farmer Fish<\/p>\n<p>\u00bb content_last_edited=\u00bboff|desktop\u00bb _builder_version=\u00bb4.16&#8243; _module_preset=\u00bbdefault\u00bb text_font=\u00bb|300|||||||\u00bb text_text_color=\u00bb#000000&#8243; text_font_size=\u00bb31px\u00bb header_font=\u00bb|700|||||||\u00bb header_text_color=\u00bb#FFFFFF\u00bb header_font_size=\u00bb45px\u00bb text_orientation=\u00bbcenter\u00bb text_line_height_tablet=\u00bb\u00bb text_line_height_phone=\u00bb1.1em\u00bb text_line_height_last_edited=\u00bbon|phone\u00bb header_font_size_tablet=\u00bb45px\u00bb header_font_size_phone=\u00bb30px\u00bb header_font_size_last_edited=\u00bbon|phone\u00bb global_colors_info=\u00bb{}\u00bb]<\/p>\n<h1>Contenidos Posgrado<\/h1>\n<p>[\/et_pb_text][et_pb_text _builder_version=\u00bb4.16&#8243; _module_preset=\u00bbdefault\u00bb text_font=\u00bb|300|||||||\u00bb text_text_color=\u00bb#ffffff\u00bb text_font_size=\u00bb16px\u00bb width_tablet=\u00bb92%\u00bb width_phone=\u00bb87%\u00bb width_last_edited=\u00bbon|desktop\u00bb custom_margin=\u00bbauto|100px|auto||false|false\u00bb custom_margin_tablet=\u00bb|||30px|false|false\u00bb custom_margin_phone=\u00bb\u00bb custom_margin_last_edited=\u00bbon|tablet\u00bb custom_padding=\u00bb||||false|false\u00bb global_colors_info=\u00bb{}\u00bb]<\/p>\n<p><span style=\"font-size:2em;font-weight:bold\">1.<\/span>\tPRINCIPIOS DE LA ACUICULTURA<\/p>\n<p><span style=\"font-size:2em;font-weight:bold\">2.<\/span>\tACUICULTURA SOSTENIBLE<\/p>\n<p><span style=\"font-size:2em;font-weight:bold\">3.<\/span>\tINGENIER\u00cdA ACUAP\u00d3NICA<\/p>\n<p><span style=\"font-size:2em;font-weight:bold\">4.<\/span>\tBIOLOG\u00cdA ACUAP\u00d3NICA<\/p>\n<p><span style=\"font-size:2em;font-weight:bold\">5.<\/span>\tENERG\u00cdAS RENOVABLES EN INSTALACIONES DE BIOECONOM\u00cdA CIRCULAR<\/p>\n<p><span style=\"font-size:2em;font-weight:bold\">6.<\/span>\tDISE\u00d1O Y DIMENSIONAMIENTO DE UNA INSTALACI\u00d3N DE BIOECONOM\u00cdA CIRCULAR BASADA EN ACUAPON\u00cdA<\/p>\n<p><span style=\"font-size:2em;font-weight:bold\">7.<\/span>\tMONTAJE, PUESTA EN MARCHA Y ACONDICIONAMIENTO DE UN SISTEMA DE BIOECONOM\u00cdA CIRCULAR BASADA EN ACUAPON\u00cdA CON INGENIER\u00cdA DE CULTIVO RAFT, NFT Y GROWING BEDS EN LA FACULTAD REGIONAL DE CHUBUT DE LA UNIVERSIDAD TECNOL\u00d3GICA NACIONAL DE ARGENTINA<\/p>\n<p>[\/et_pb_text][\/et_pb_column][\/et_pb_row][et_pb_row _builder_version=\u00bb4.16&#8243; _module_preset=\u00bbdefault\u00bb width=\u00bb100%\u00bb max_width=\u00bb100%\u00bb module_alignment=\u00bbleft\u00bb custom_margin=\u00bb||0px||false|false\u00bb custom_padding=\u00bb||0px||false|false\u00bb global_colors_info=\u00bb{}\u00bb][et_pb_column type=\u00bb4_4&#8243; _builder_version=\u00bb4.16&#8243; _module_preset=\u00bbdefault\u00bb global_colors_info=\u00bb{}\u00bb][et_pb_image src=\u00bbhttps:\/\/zubiorganic.org\/wp-content\/uploads\/2022\/05\/DSC_1118-scaled.jpg\u00bb alt=\u00bbaquaponia\u00bb title_text=\u00bbDSC_1118&#8243; force_fullwidth=\u00bbon\u00bb src_tablet=\u00bbhttps:\/\/zubiorganic.org\/wp-content\/uploads\/2022\/05\/retos-FF-2021_t_m.png\u00bb src_phone=\u00bbhttps:\/\/zubiorganic.org\/wp-content\/uploads\/2022\/05\/retos-FF-2021_t_m.png\u00bb src_last_edited=\u00bbon|tablet\u00bb _builder_version=\u00bb4.16&#8243; _module_preset=\u00bbdefault\u00bb custom_margin=\u00bbauto|0px||0px|false|false\u00bb custom_padding=\u00bb|0px||0px|false|false\u00bb global_colors_info=\u00bb{}\u00bb][\/et_pb_image][\/et_pb_column][\/et_pb_row][\/et_pb_section][et_pb_section fb_built=\u00bb1&#8243; _builder_version=\u00bb4.16&#8243; _module_preset=\u00bbdefault\u00bb da_disable_devices=\u00bboff|off|off\u00bb global_colors_info=\u00bb{}\u00bb da_is_popup=\u00bboff\u00bb da_exit_intent=\u00bboff\u00bb da_has_close=\u00bbon\u00bb da_alt_close=\u00bboff\u00bb da_dark_close=\u00bboff\u00bb da_not_modal=\u00bbon\u00bb da_is_singular=\u00bboff\u00bb da_with_loader=\u00bboff\u00bb da_has_shadow=\u00bbon\u00bb][et_pb_row _builder_version=\u00bb4.16&#8243; _module_preset=\u00bbdefault\u00bb global_colors_info=\u00bb{}\u00bb][et_pb_column type=\u00bb4_4&#8243; _builder_version=\u00bb4.16&#8243; _module_preset=\u00bbdefault\u00bb global_colors_info=\u00bb{}\u00bb][et_pb_text _builder_version=\u00bb4.22.0&#8243; _module_preset=\u00bbdefault\u00bb text_font=\u00bb|300|||||||\u00bb text_text_color=\u00bb#000000&#8243; text_font_size=\u00bb16px\u00bb hover_enabled=\u00bb0&#8243; global_colors_info=\u00bb{}\u00bb sticky_enabled=\u00bb0&#8243;]<\/p>\n<p><strong><\/strong><\/p>\n<p>Un total de 120 horas, de las que 80 se desarrollan a trav\u00e9s de aula virtual y 40 de forma presencial en la Facultad Regional de Chubut de la UTN.<\/p>\n<p>El curso finaliz\u00f3 con el montaje, puesta en marcha y acondicionamiento de un <strong>Laboratorio de Bioeconom\u00eda circular basada en acuapon\u00eda<\/strong>, con ingenier\u00eda de cultivo RAFT, NFT y Growing Beds, en la Facultad Regional de Chubut de la Universidad Tecnol\u00f3gica Nacional de Argentina.<\/p>\n<p>[\/et_pb_text][\/et_pb_column][\/et_pb_row][\/et_pb_section][et_pb_section fb_built=\u00bb1&#8243; _builder_version=\u00bb4.22.0&#8243; _module_preset=\u00bbdefault\u00bb background_color=\u00bbrgba(0,108,135,0.25)\u00bb custom_margin=\u00bb||0px||false|false\u00bb custom_padding=\u00bb||0px||false|false\u00bb hover_enabled=\u00bb0&#8243; da_disable_devices=\u00bboff|off|off\u00bb global_colors_info=\u00bb{}\u00bb theme_builder_area=\u00bbpost_content\u00bb sticky_enabled=\u00bb0&#8243; da_is_popup=\u00bboff\u00bb da_exit_intent=\u00bboff\u00bb da_has_close=\u00bbon\u00bb da_alt_close=\u00bboff\u00bb da_dark_close=\u00bboff\u00bb da_not_modal=\u00bbon\u00bb da_is_singular=\u00bboff\u00bb da_with_loader=\u00bboff\u00bb da_has_shadow=\u00bbon\u00bb][et_pb_row _builder_version=\u00bb4.16&#8243; _module_preset=\u00bbdefault\u00bb global_colors_info=\u00bb{}\u00bb theme_builder_area=\u00bbpost_content\u00bb][et_pb_column type=\u00bb4_4&#8243; _builder_version=\u00bb4.16&#8243; _module_preset=\u00bbdefault\u00bb global_colors_info=\u00bb{}\u00bb theme_builder_area=\u00bbpost_content\u00bb][et_pb_text _builder_version=\u00bb4.16&#8243; _module_preset=\u00bbdefault\u00bb text_font=\u00bb|300|||||||\u00bb text_text_color=\u00bb#000000&#8243; text_font_size=\u00bb16px\u00bb header_font=\u00bb|700|||||||\u00bb header_text_align=\u00bbcenter\u00bb header_text_color=\u00bb#000000&#8243; header_font_size=\u00bb45px\u00bb hover_enabled=\u00bb0&#8243; global_colors_info=\u00bb{}\u00bb sticky_enabled=\u00bb0&#8243; theme_builder_area=\u00bbpost_content\u00bb]<\/p>\n<h1>Docentes<\/h1>\n<p>&nbsp;<\/p>\n<p><b>Morris Villarroel:<\/b> Profesor titular de la Escuela de Ingenier\u00eda Agron\u00f3mica de la UPM y experto en acuicultura, acuapon\u00eda y bienestar en peces.<\/p>\n<p><b>Eugenio Grac\u00eda_Franco:<\/b> Colaborador de la Escuela de Montes de la UPM y experto en acuicultura tropical especialmente en Iberoam\u00e9rica y el Caribe, sistemas multitr\u00f3ficos y acuapon\u00eda y consultor proyecto FAO.<\/p>\n<p><b>Juan Carlos Aus\u00edn:<\/b> Ingeniero industrial y doctorado por la Universidad de Manchester en redes el\u00e9ctricas, con m\u00e1s de 15 a\u00f1os de experiencia en el sector de las energ\u00edas renovables.<\/p>\n<p><b>Fernando Sustaeta:<\/b> T\u00e9cnico Superior en Producci\u00f3n Acu\u00edcola y Experto en desarrollo de sistemas de producci\u00f3n acu\u00edcola sostenible mediante acuapon\u00eda.<\/p>\n<p>En el Curso de Posgrado Internacional de Bioeconom\u00eda Circular, adem\u00e1s de <b>ZubiGune<\/b>, participa la <b>Universidad Polit\u00e9cnica de Madrid<\/b> y la <b>Universidad Tecnol\u00f3gica Nacional de Argentina<\/b>.<\/p>\n<p>[\/et_pb_text][\/et_pb_column][\/et_pb_row][et_pb_row _builder_version=\u00bb4.16&#8243; _module_preset=\u00bbdefault\u00bb width=\u00bb100%\u00bb max_width=\u00bb100%\u00bb module_alignment=\u00bbleft\u00bb custom_margin=\u00bb||0px||false|false\u00bb custom_padding=\u00bb||0px||false|false\u00bb global_colors_info=\u00bb{}\u00bb theme_builder_area=\u00bbpost_content\u00bb][et_pb_column type=\u00bb4_4&#8243; _builder_version=\u00bb4.16&#8243; _module_preset=\u00bbdefault\u00bb global_colors_info=\u00bb{}\u00bb theme_builder_area=\u00bbpost_content\u00bb][\/et_pb_column][\/et_pb_row][\/et_pb_section][et_pb_section fb_built=\u00bb1&#8243; theme_builder_area=\u00bbpost_content\u00bb _builder_version=\u00bb4.22.0&#8243; _module_preset=\u00bbdefault\u00bb custom_padding=\u00bb12px||0px|||\u00bb da_is_popup=\u00bboff\u00bb da_exit_intent=\u00bboff\u00bb da_has_close=\u00bbon\u00bb da_alt_close=\u00bboff\u00bb da_dark_close=\u00bboff\u00bb da_not_modal=\u00bbon\u00bb da_is_singular=\u00bboff\u00bb da_with_loader=\u00bboff\u00bb da_has_shadow=\u00bbon\u00bb da_disable_devices=\u00bboff|off|off\u00bb][et_pb_row column_structure=\u00bb1_2,1_2&#8243; use_custom_gutter=\u00bbon\u00bb gutter_width=\u00bb1&#8243; _builder_version=\u00bb4.22.0&#8243; _module_preset=\u00bbdefault\u00bb width=\u00bb100%\u00bb max_width=\u00bb100%\u00bb custom_margin=\u00bb-14px|auto|0px|auto|false|false\u00bb custom_padding=\u00bb0px||0px||false|false\u00bb hover_enabled=\u00bb0&#8243; global_colors_info=\u00bb{}\u00bb theme_builder_area=\u00bbpost_content\u00bb sticky_enabled=\u00bb0&#8243;][et_pb_column type=\u00bb1_2&#8243; _builder_version=\u00bb4.16&#8243; _module_preset=\u00bbdefault\u00bb global_colors_info=\u00bb{}\u00bb theme_builder_area=\u00bbpost_content\u00bb][et_pb_image src=\u00bbhttp:\/\/zubiorganic.org\/wp-content\/uploads\/2024\/10\/argentina-02.jpg\u00bb alt=\u00bbalumnos posgrado\u00bb title_text=\u00bbargentina-02&#8243; _builder_version=\u00bb4.22.0&#8243; _module_preset=\u00bbdefault\u00bb hover_enabled=\u00bb0&#8243; global_colors_info=\u00bb{}\u00bb theme_builder_area=\u00bbpost_content\u00bb sticky_enabled=\u00bb0&#8243;][\/et_pb_image][\/et_pb_column][et_pb_column type=\u00bb1_2&#8243; _builder_version=\u00bb4.16&#8243; _module_preset=\u00bbdefault\u00bb global_colors_info=\u00bb{}\u00bb theme_builder_area=\u00bbpost_content\u00bb][et_pb_image src=\u00bbhttp:\/\/zubiorganic.org\/wp-content\/uploads\/2024\/10\/argentina-01.jpg\u00bb alt=\u00bbinstalaci\u00f3n\u00bb title_text=\u00bbargentina-01&#8243; _builder_version=\u00bb4.22.0&#8243; _module_preset=\u00bbdefault\u00bb hover_enabled=\u00bb0&#8243; global_colors_info=\u00bb{}\u00bb theme_builder_area=\u00bbpost_content\u00bb sticky_enabled=\u00bb0&#8243;][\/et_pb_image][\/et_pb_column][\/et_pb_row][et_pb_row column_structure=\u00bb1_2,1_2&#8243; use_custom_gutter=\u00bbon\u00bb gutter_width=\u00bb1&#8243; _builder_version=\u00bb4.22.0&#8243; _module_preset=\u00bbdefault\u00bb width=\u00bb100%\u00bb max_width=\u00bb100%\u00bb custom_margin=\u00bb0px||0px||false|false\u00bb custom_padding=\u00bb0px||0px||false|false\u00bb hover_enabled=\u00bb0&#8243; global_colors_info=\u00bb{}\u00bb theme_builder_area=\u00bbpost_content\u00bb sticky_enabled=\u00bb0&#8243;][et_pb_column type=\u00bb1_2&#8243; _builder_version=\u00bb4.16&#8243; _module_preset=\u00bbdefault\u00bb global_colors_info=\u00bb{}\u00bb theme_builder_area=\u00bbpost_content\u00bb][et_pb_image src=\u00bbhttp:\/\/zubiorganic.org\/wp-content\/uploads\/2024\/10\/argentina-03.jpg\u00bb alt=\u00bbinstalaciones\u00bb title_text=\u00bbargentina-03&#8243; _builder_version=\u00bb4.22.0&#8243; _module_preset=\u00bbdefault\u00bb hover_enabled=\u00bb0&#8243; global_colors_info=\u00bb{}\u00bb theme_builder_area=\u00bbpost_content\u00bb sticky_enabled=\u00bb0&#8243;][\/et_pb_image][\/et_pb_column][et_pb_column type=\u00bb1_2&#8243; _builder_version=\u00bb4.16&#8243; _module_preset=\u00bbdefault\u00bb global_colors_info=\u00bb{}\u00bb theme_builder_area=\u00bbpost_content\u00bb][et_pb_image src=\u00bbhttp:\/\/zubiorganic.org\/wp-content\/uploads\/2024\/10\/argentina-04.jpg\u00bb alt=\u00bbalumnos posgrado\u00bb title_text=\u00bbargentina-04&#8243; _builder_version=\u00bb4.22.0&#8243; _module_preset=\u00bbdefault\u00bb hover_enabled=\u00bb0&#8243; global_colors_info=\u00bb{}\u00bb theme_builder_area=\u00bbpost_content\u00bb sticky_enabled=\u00bb0&#8243;][\/et_pb_image][\/et_pb_column][\/et_pb_row][\/et_pb_section]<\/p>\n","protected":false},"excerpt":{"rendered":"<p>Curso de Posgrado Internacional sobreBioeconom\u00eda CircularLa Bioeconom\u00eda Circular plantea un escenario para el trabajo y el empleo que cumple con las actuales pol\u00edticas en materia de transici\u00f3n ecol\u00f3gica y con las metas de los planes internacionales para el Cambio Clim\u00e1tico. El informe \u201cEl empleo en un futuro de cero emisiones netas en Latinoam\u00e9rica y el [&hellip;]<\/p>\n","protected":false},"author":1,"featured_media":0,"parent":0,"menu_order":0,"comment_status":"closed","ping_status":"closed","template":"","meta":{"_et_pb_use_builder":"on","_et_pb_old_content":"","_et_gb_content_width":""},"_links":{"self":[{"href":"https:\/\/zubiorganic.org\/index.php\/wp-json\/wp\/v2\/pages\/452"}],"collection":[{"href":"https:\/\/zubiorganic.org\/index.php\/wp-json\/wp\/v2\/pages"}],"about":[{"href":"https:\/\/zubiorganic.org\/index.php\/wp-json\/wp\/v2\/types\/page"}],"author":[{"embeddable":true,"href":"https:\/\/zubiorganic.org\/index.php\/wp-json\/wp\/v2\/users\/1"}],"replies":[{"embeddable":true,"href":"https:\/\/zubiorganic.org\/index.php\/wp-json\/wp\/v2\/comments?post=452"}],"version-history":[{"count":11,"href":"https:\/\/zubiorganic.org\/index.php\/wp-json\/wp\/v2\/pages\/452\/revisions"}],"predecessor-version":[{"id":600,"href":"https:\/\/zubiorganic.org\/index.php\/wp-json\/wp\/v2\/pages\/452\/revisions\/600"}],"wp:attachment":[{"href":"https:\/\/zubiorganic.org\/index.php\/wp-json\/wp\/v2\/media?parent=452"}],"curies":[{"name":"wp","href":"https:\/\/api.w.org\/{rel}","templated":true}]}}